 divisor of k and 24.
24
Suppose 5*u = 3*i - 109, -i - 5*u = i - 56. Suppose 0 = -3*j + 8 + 19. Let a = i - j. Calculate the greatest common factor of 8 and a.
8
Let g = 564 + -312. Let d = 2799 - 2763. Calculate the highest common divisor of d and g.
36
Let s(u) = -u - 5. Let q be s(-28). Let c(d) = -d + 41. Let b be c(q). Calculate the greatest common factor of 2 and b.
2
Let t = 9355 - 9239. Let u = -133 - -44. Let r = u + t. What is the highest common divisor of r and 3?
3
Let h be (2/2)/(1/(-8 - -10)). Suppose 2*d = 2, h*d = 3*x - 32 - 92. Calculate the greatest common divisor of x and 182.
14
Suppose 64*k - 902 = 286 - 164. Calculate the highest common divisor of k and 1096.
8
Let j(v) = 1788*v**2 - 12*v - 7. Let m be j(-1). Calculate the highest common divisor of m and 1141.
163
Suppose 7*a - 5908 = -2*a + 2417. Calculate the highest common divisor of 25 and a.
25
Suppose -2*u = 5*q - 1400, -4*u + 1347 = 5*q - 53. Let v(k) = -3 - 18 + 287*k - q*k. Let m be v(18). Calculate the highest common divisor of 21 and m.
21
Let x(m) = -20*m - 648. Let y be x(-33). What is the greatest common divisor of 6684 and y?
12
Suppose 5*g + 1268 = 4*h + 9*g, -6*h + 1908 = 4*g. What is the greatest common divisor of h and 880?
80
Let i be ((-7)/((-56)/(-46)))/((-2)/8). Let l = 393 + -209. What is the greatest common divisor of l and i?
23
Suppose -6*d = 8*d - 3612. Let j = 456 - d. Calculate the highest common divisor of 72 and j.
18
Let r(m) = -m**2 - 23. Let a be r(13). Let z = a + 408. Calculate the highest common divisor of 27 and z.
27
Let t(k) = -135*k - 209. Let h be t(-20). What is the greatest common factor of 53 and h?
53
Let l be 54/(-63)*(-56)/(-6)*-3*1. What is the greatest common factor of 6 and l?
6
Let l = 11847 - 6488. Calculate the highest common factor of 207 and l.
23
Let o = 26859 - 26800. Calculate the greatest common factor of 5192 and o.
59
Suppose 3*l + 996 = 5*q - 387, -2*l = 12. Calculate the greatest common factor of q and 9.
3
Let u(z) = 1354*z - 7244. Let q be u(6). What is the greatest common factor of 2530 and q?
110
Let w be (-9 - -11)/1 + 122. Suppose 112 = 2*v + k, 5*v - 156 = -4*k + w. What is the greatest common divisor of 476 and v?
28
Suppose -8*q + 742 = 87*q + 11*q. Let k = -10 + 13. Suppose -28 = -l - k*l. What is the greatest common factor of l and q?
7
Let k = -6 - -16. Suppose -11*z + 2024 - 33 = 0. Let d = -179 + z. Calculate the greatest common divisor of k and d.
2
Suppose 687 = -5*k + 57. Suppose 34 = 4*p + 454. Let n = p - k. Calculate the highest common divisor of 42 and n.
21
Suppose -7 = f - 2*z, 4*z = 6*f - 3*f + 13. Let b be f*(2 - -1 - 240/4). Let d be (28/12)/(-7)*b. Calculate the greatest common factor of 95 and d.
19
Suppose 1159 = 13*z - 336. Calculate the greatest common factor of 19435 and z.
115
Suppose -8*t + 15*t - 381 = 445. Calculate the highest common divisor of 8260 and t.
118
Let z(j) = -1415*j + 26. Let c be z(-1). What is the greatest common divisor of 131 and c?
131
Let c(d) = d**3 - d**2 + 3*d + 8. Let z be c(0). Suppose z*q = 6*q + 670. What is the greatest common factor of 5 and q?
5
Suppose -5*j = 3*n - 103, -3*j - 201 = -5*n - 18. Calculate the highest common factor of n and 68.
4
Let c(w) = 3*w**2 + 30*w - 77. Let r be c(9). Calculate the highest common divisor of r and 2071.
109
Let f be (-1 + 6)*(-23 + 22) - -5455. Suppose -f = -16*r - 874. Calculate the highest common factor of r and 11.
11
Suppose -6*w - 6*w = 189 - 669. What is the greatest common factor of w and 2360?
40
Let k be -1*((-35)/7)/50 - (-654)/60. Suppose 2*j + 5*b - 694 = 0, 0*b = -3*j - 3*b + 1050. What is the highest common divisor of j and k?
11
Let g be 38*(-2)/(0 + -4). Suppose -5*a + 87 = 3*i, 3*a = i + 4 - g. Let l = -8 + 20. Calculate the greatest common factor of i and l.
12
Suppose -18636 = -67*m + 16821 - 14. What is the greatest common factor of m and 161?
23
Suppose -4*x - 91*s + 93*s + 1036 = 0, -x - 4*s = -232. Calculate the greatest common factor of x and 928.
32
Let q(h) = 279*h - 3346. Let r be q(12). What is the highest common factor of 534 and r?
2
Let s(u) = -94*u + 481. Let i be s(5). What is the highest common factor of i and 7821?
11
Suppose -50*n + 47*n = 0. Let x(a) = 2*a**2 - 4*a + 6. Let h be x(6). Suppose -u + n*u = -h. What is the highest common factor of 6 and u?
6
Let y be (-24)/(-20)*-12*3200/(-3). Calculate the highest common divisor of y and 120.
120
Suppose 5*b - 877 = 3*y, 5*b = -151*y + 146*y + 925. Calculate the highest common factor of 2864 and b.
179
Suppose -8*z = -4*b - 6*z - 8, -3*b + 9 = z. What is the greatest common factor of b and 330?
1
Suppose -25*z + 185 = -20*z. Let f = z - 37. Let l be f/(-8) + (20 - -2). Calculate the greatest common factor of l and 198.
22
Suppose -5*r + 2216 = 4*f, -4*r = -5*f - 939 - 801. Calculate the greatest common factor of 68 and r.
4
Let l be ((-91)/(-637))/(1/91). Calculate the highest common factor of 299 and l.
13
Let l be (-44)/22 - (2 - 10). Suppose 0 = -j - l*q + 10*q + 64, -3*j + 140 = q. Calculate the highest common divisor of 528 and j.
48
Let g = 96 - 108. Let z be (2 + 7)/(g/(-36)). Calculate the greatest common factor of 45 and z.
9
Suppose 2*s = -16 + 8. Let q(t) = -53*t + 6. Let a be q(s). Suppose -a + 62 = -3*g. What is the greatest common divisor of 13 and g?
13
Let o(v) = -5*v**2 + 11*v + 70. Let h be o(-6). Let i be h/(-6) - (-106)/159. What is the greatest common divisor of i and 132?
6
Let t(o) = 68*o + 120. Suppose 2*c = z + 15, -3*c - 3*z - 35 = -8*c. Let k be t(c). Calculate the highest common divisor of k and 20.
20
Suppose -7*r - 3550 - 2850 = -23*r. Calculate the greatest common factor of r and 272.
16
Suppose -l + 5*l - 900 = 0. Let j(h) = -93*h + 955. Let w be j(10). What is the greatest common divisor of l and w?
25
Let s = 18637 + -13330. Calculate the greatest common factor of s and 261.
87
Suppose -i - 3 = -6, j = 3*i + 47. Let m be 77 - (-11 - 1*(-8)/2). Calculate the greatest common factor of m and j.
28
Suppose -5*l + 111 = -a, -135 = -6*l + 8*a - 5*a. What is the greatest common divisor of l and 187?
11
Suppose 1891 = 52*x - 468 - 137. What is the greatest common factor of 2328 and x?
24
Let j(z) = -z - 10. Suppose -a + 1 + 3 = 0. Let f be j(a). Let q be 1*-11*f/7. What is the highest common divisor of 198 and q?
22
Let v = 1364 + -1371. Let p(i) = -1 - 3*i + 5*i**2 + 2*i**2 + 9*i. Let r be p(v). What is the highest common factor of 12 and r?
12
Let n(q) = -q**3 - 7*q**2 - q + 13. Let d be n(-6). Let o = -10 - 13. Let f = d - o. What is the greatest common divisor of 6 and f?
6
Suppose -27*m = -204 + 42. Let b be (-279)/(-2)*(7 - (-136)/(-24)). What is the highest common divisor of m and b?
6
Suppose -5*h + k + 15520 = 0, -h + 2370 + 734 = k. What is the greatest common factor of 97 and h?
97
Let h(u) = u**2 - u + 5. Let t be h(-4). Let x(g) = 354*g + 2399. Let c be x(-6). What is the greatest common divisor of t and c?
25
Suppose -3 + 26 = -c. Let q = c + 52. Suppose 141 + 4 = s. Calculate the greatest common factor of s and q.
29
Suppose 4 = 4*x, -793 = -d + 4*x - 287. Calculate the highest common factor of d and 1734.
102
Suppose -4*s = 91*h - 88*h - 505, 2*s + 4*h = 240. Calculate the greatest common factor of s and 350.
10
Let b(j) = 4*j - 41. Let l be b(11). Suppose -l*z - 8 = 5*s + 24, 4*z + 32 = -4*s. Let o be 0 + (z/(-4) - -51). Calculate the highest common factor of 13 and o.
13
Suppose -44*k = -32*k - 108. Suppose -2*i + 3*i - 1 = -2*c, 2*c + 9 = -3*i. Suppose 5*j - 18 = c*j. What is the greatest common factor of j and k?
9
Suppose 22*b + a = 23*b - 311, 0 = 5*b + a - 1561. Calculate the highest common divisor of 2548 and b.
52
Let f(y) = -5*y**2 - 199*y + 11972. Let k be f(-72). Let x be -1 + (233 - 2) + -2. Calculate the greatest common factor of x and k.
76
Let q(r) = 15*r - 653. Let l be q(51). Calculate the greatest common divisor of 3024 and l.
112
Suppose 96 = w + 5*z, 104 = w + 2*z + 8. Let t = -12 - 9. Let y be (60/(-35))/(27/t + 1). Calculate the highest common divisor of y and w.
6
Let i(t) = 2*t**3 + 3*t**2 - 22*t + 53. Let a be i(3). Calculate the greatest common factor of 1479 and a.
17
Suppose -3*m = 195*b - 197*b - 3500, 0 = m - 4*b - 1150. What is the highest commo